90 and 7393680?
210
Calculate the highest common divisor of 28 and 433525036.
28
What is the greatest common divisor of 431440 and 27200?
80
What is the greatest common factor of 68470 and 2780?
10
Calculate the greatest common divisor of 29760 and 22641780.
1860
Calculate the greatest common divisor of 1506997981 and 5294.
2647
Calculate the highest common factor of 941175714 and 876.
438
What is the greatest common factor of 2452444 and 2435516?
2116
Calculate the highest common factor of 350 and 7436450.
350
Calculate the greatest common factor of 3647 and 7011097.
521
What is the highest common divisor of 501558 and 15411?
1401
What is the greatest common divisor of 2310 and 19672455?
165
What is the greatest common factor of 420979 and 4121?
13
What is the greatest common divisor of 12177 and 222015?
123
What is the greatest common factor of 881013496 and 2344?
2344
What is the greatest common divisor of 15 and 54884040?
15
What is the greatest common divisor of 220079130 and 12?
6
Calculate the highest common factor of 32640 and 8372976.
816
What is the highest common factor of 158671 and 24745?
101
Calculate the greatest common factor of 802044531 and 2529.
2529
Calculate the greatest common divisor of 32 and 3308768.
32
Calculate the greatest common factor of 1619553 and 403.
13
What is the greatest common factor of 25013 and 8?
1
Calculate the greatest common factor of 2689652 and 3304.
28
What is the highest common divisor of 11928278 and 20368?
134
Calculate the highest common factor of 1109141 and 1331.
11
Calculate the highest common divisor of 155 and 26388595.
155
What is the greatest common factor of 10254765 and 10?
5
Calculate the greatest common divisor of 27233475 and 450.
75
What is the highest common factor of 588928494 and 308?
154
Calculate the greatest common divisor of 308609031 and 669.
669
What is the greatest common factor of 5225589 and 17784?
171
What is the greatest common divisor of 371775 and 7635?
15
What is the highest common divisor of 13996 and 16287845?
3499
What is the highest common divisor of 3992134 and 498?
166
What is the highest common divisor of 495522 and 18?
18
What is the highest common factor of 14338008 and 87639?
669
Calculate the greatest common factor of 13379678 and 35438.
1222
What is the greatest common divisor of 4543 and 4830094?
59
Calculate the greatest common factor of 5071761 and 729.
27
What is the greatest common factor of 63 and 93772112?
7
What is the highest common divisor of 1982133 and 881739?
1017
What is the highest common factor of 281284245 and 1545?
1545
What is the greatest common factor of 827 and 18758841?
827
What is the greatest common divisor of 3488082 and 20094?
1182
What is the highest common divisor of 91221177 and 65994?
1941
What is the greatest common divisor of 1530 and 24194570?
170
Calculate the highest common factor of 3841 and 128961.
23
Calculate the greatest common divisor of 151686 and 37683.
477
What is the greatest common divisor of 696 and 108085784?
232
Calculate the greatest common divisor of 98199 and 757917.
27
What is the greatest common divisor of 1604 and 39254692?
1604
What is the greatest common factor of 130 and 14587885?
65
Calculate the greatest common divisor of 686637 and 1911.
147
Calculate the greatest common divisor of 13384 and 179480.
56
Calculate the highest common factor of 394570 and 169895.
55
Calculate the greatest common divisor of 36500 and 851380.
20
Calculate the highest common divisor of 8537997 and 117.
39
What is the greatest common divisor of 329563 and 1088477?
1313
Calculate the highest common factor of 42633851 and 46215.
1027
Calculate the greatest common factor of 145 and 333685745.
145
What is the greatest common divisor of 26146 and 550273?
17
Calculate the greatest common factor of 622740 and 468.
12
What is the greatest common factor of 23568 and 82203711?
1473
Calculate the greatest common factor of 8208751 and 1.
1
What is the greatest common factor of 15261435 and 69615?
315
Calculate the greatest common factor of 100938637 and 1858.
929
What is the highest common divisor of 2778279 and 49?
7
Calculate the highest common divisor of 45141399 and 9.
9
What is the greatest common factor of 152075 and 6237?
77
Calculate the highest common factor of 20894696 and 854.
122
Calculate the greatest common divisor of 1336 and 72912.
8
What is the highest common factor of 146009699 and 249?
83
Calculate the greatest common divisor of 2057098 and 7812.
62
What is the highest common factor of 8800645 and 98?
49
Calculate the highest common divisor of 12 and 2275128.
12
What is the greatest common divisor of 6255 and 377385?
2085
What is the highest common factor of 432702 and 74520?
162
What is the greatest common divisor of 2856000 and 24?
24
Calculate the greatest common factor of 2848160 and 14336.
224
Calculate the greatest common divisor of 296178468 and 2364.
2364
What is the highest common factor of 2017652 and 12208?
28
Calculate the greatest common divisor of 3146242 and 1936.
242
What is the highest common divisor of 23589235 and 4360?
545
What is the highest common factor of 120050 and 685750?
50
What is the greatest common divisor of 1631 and 78316?
7
Calculate the highest common divisor of 29680 and 3216640.
560
What is the greatest common divisor of 242 and 20614946?
22
What is the highest common divisor of 278304 and 15353?
13
Calculate the greatest common divisor of 4788579 and 733869.
3351
Calculate the greatest common divisor of 113274 and 14322.
1302
What is the highest common factor of 2394 and 2369451?
21
Calculate the highest common factor of 65672 and 66107077.
8209
Calculate the greatest common factor of 45 and 3349431.
9
Calculate the highest common factor of 702 and 11424075.
39
Calculate the greatest common factor of 301 and 65097012.
43
What is the greatest common factor of 93639 and 117?
39
What is the greatest common factor of 65219 and 32065?
121
Calculate the greatest common factor of 662728 and 3168.
88
What is the highest common factor of 138611 and 14113?
11
What is the highest common factor of 15470 and 15589?
119
Calculate the highest common divisor of 4610034 and 275418.
2574
What is the highest common factor of 549 and 327408960?
183
Calculate the greatest common factor of 312 and 2167698.
78
Calculate the highest common divisor of 2 and 28879150.
2
Calculate the highest common factor of 785 and 112535.
5
Calculate the greatest common divisor of 9246986 and 6354418.
15386
Calculate the highest common divisor of 154 and 626046190.
154
What is the highest common divisor of 42618176 and 20792?
904
Calculate the greatest common factor of 19591 and 191279.
11
Calculate the highest common divisor of 198636088 and 168.
56
Calculate the highest common divisor of 92267 and 574231.
49
What is the highest common factor of 10619 and 140378?
259
What is the highest common divisor of 64857804 and 580?
116
Calculate the highest common factor of 29 and 498952801.
29
Calculate the greatest common divisor of 1668 and 67341052.
556
What is the greatest common divisor of 2152395 and 389655?
315
Calculate the greatest common divisor of 502316 and 34840412.
5644
What is the greatest common divisor of 8796624 and 312?
24
What is the highest common factor of 62 and 22016?
2
What is the greatest common factor of 118918528 and 160?
32
What is the highest common factor of 2310 and 93844905?
1155
What is the greatest common factor of 22144 and 5017?
173
What is the highest common divisor of 7919232 and 14736?
48
Calculate the highest common divisor of 429 and 28749292.
143
What is the greatest common divisor of 7870008 and 1932?
12
What is the highest common factor of 13297818 and 75195?
1671
What is the greatest common factor of 114902 and 22630?
146
What is the greatest common factor of 1529385 and 1725?
345
What is the highest common factor of 120 and 830373480?
120
Calculate the highest common factor of 5139 and 216658527.
1713
Calculate the greatest common divisor of 912789 and 2356047.
4779
What is the greatest common divisor of 1674893 and 18963?
43
Calculate the highest common factor of 36425 and 1015175.
25
Calculate the highest common divisor of 75303 and 18753236.
2789
Calculate the greate